{"id":3140,"date":"2018-04-10T11:50:47","date_gmt":"2018-04-10T09:50:47","guid":{"rendered":"https:\/\/www.antiquites-bastian.com\/boutique\/uncategorized\/etui-a-cacheter\/"},"modified":"2019-06-19T13:43:16","modified_gmt":"2019-06-19T11:43:16","slug":"etui-a-cacheter","status":"publish","type":"product","link":"https:\/\/antiquites-bastian.com\/en\/vendu\/etui-a-cacheter\/","title":{"rendered":"Etui \u00e0 cacheter"},"content":{"rendered":"<p style=\"vertical-align: baseline; margin: 0cm 0cm 7.5pt 0cm;\"><span style=\"font-size: 11.5pt; font-family: 'Tahoma',sans-serif; color: #4f4f4f;\">Un \u00e9tui \u00e0 cacheter pour cire en argent, r\u00e9alis\u00e9 \u00e0 Strasbourg au XVIIIe si\u00e8cle. Compos\u00e9 de deux \u00e9l\u00e9ments cylindriques de section ovale, son d\u00e9cor grav\u00e9 comprend de petites guirlandes \u00e0 ses extr\u00e9mit\u00e9s et d\u2019une fleur sur le dessus du couvercle. La matrice, elle-aussi grav\u00e9e en creux, pr\u00e9sente un chiffre aux lettres \u00ab\u00a0JE \u00bb. Cet objet a \u00e9t\u00e9 r\u00e9alis\u00e9 par le ma\u00eetre-orf\u00e8vre Johann Jacob Roos, re\u00e7u en 1782. Son poin\u00e7on, frapp\u00e9 \u00e0 deux reprises, y figure ainsi que le 13 \u00e0 fleur de lys.<\/span><\/p>\n<p style=\"vertical-align: baseline; margin: 0cm 0cm 7.5pt 0cm;\"><span style=\"font-size: 11.5pt; font-family: 'Tahoma',sans-serif; color: #4f4f4f;\">\u00c9poque : 1782-1790<\/span><\/p>\n<p style=\"vertical-align: baseline; margin: 0cm 0cm 7.5pt 0cm;\"><span style=\"font-size: 11.5pt; font-family: 'Tahoma',sans-serif; color: #4f4f4f;\">Longueur : 12 cm<\/span><\/p>\n<p style=\"vertical-align: baseline; margin: 0cm 0cm 7.5pt 0cm;\"><span style=\"font-size: 11.5pt; font-family: 'Tahoma',sans-serif; color: #4f4f4f;\">Poids : 53 g<\/span><\/p>\n<p style=\"vertical-align: baseline; margin: 0cm 0cm 7.5pt 0cm;\"><span style=\"font-size: 11.5pt; font-family: 'Tahoma',sans-serif; color: #4f4f4f;\">\u00c9tat de conservation : bon, rayures visibles sur photo<\/span><\/p>\n","protected":false},"excerpt":{"rendered":"<p>Un \u00e9tui \u00e0 cacheter pour cire en argent, r\u00e9alis\u00e9 \u00e0 Strasbourg au XVIIIe si\u00e8cle<\/p>\n","protected":false},"featured_media":2828,"template":"","meta":[],"product_brand":[],"product_cat":[112],"product_tag":[88],"class_list":{"0":"post-3140","1":"product","2":"type-product","3":"status-publish","4":"has-post-thumbnail","6":"product_cat-vendu","7":"product_tag-xviiie-en","9":"first","10":"outofstock","11":"sold-individually","12":"shipping-taxable","13":"product-type-simple"},"_links":{"self":[{"href":"https:\/\/antiquites-bastian.com\/en\/wp-json\/wp\/v2\/product\/3140","targetHints":{"allow":["GET"]}}],"collection":[{"href":"https:\/\/antiquites-bastian.com\/en\/wp-json\/wp\/v2\/product"}],"about":[{"href":"https:\/\/antiquites-bastian.com\/en\/wp-json\/wp\/v2\/types\/product"}],"wp:featuredmedia":[{"embeddable":true,"href":"https:\/\/antiquites-bastian.com\/en\/wp-json\/wp\/v2\/media\/2828"}],"wp:attachment":[{"href":"https:\/\/antiquites-bastian.com\/en\/wp-json\/wp\/v2\/media?parent=3140"}],"wp:term":[{"taxonomy":"product_brand","embeddable":true,"href":"https:\/\/antiquites-bastian.com\/en\/wp-json\/wp\/v2\/product_brand?post=3140"},{"taxonomy":"product_cat","embeddable":true,"href":"https:\/\/antiquites-bastian.com\/en\/wp-json\/wp\/v2\/product_cat?post=3140"},{"taxonomy":"product_tag","embeddable":true,"href":"https:\/\/antiquites-bastian.com\/en\/wp-json\/wp\/v2\/product_tag?post=3140"}],"curies":[{"name":"wp","href":"https:\/\/api.w.org\/{rel}","templated":true}]}}

Etui à cacheter

<p style="vertical-align: baseline; margin: 0cm 0cm 7.5pt 0cm;"><span style="font-size: 11.5pt; font-family: 'Tahoma',sans-serif; color: #4f4f4f;">Un étui à cacheter pour cire en argent, réalisé à Strasbourg au XVIIIe siècle. Composé de deux éléments cylindriques de section ovale, son décor gravé comprend de petites guirlandes à ses extrémités et d’une fleur sur le dessus du couvercle. La matrice, elle-aussi gravée en creux, présente un chiffre aux lettres « JE ». Cet objet a été réalisé par le maître-orfèvre Johann Jacob Roos, reçu en 1782. Son poinçon, frappé à deux reprises, y figure ainsi que le 13 à fleur de lys.</span></p>
<p style="vertical-align: baseline; margin: 0cm 0cm 7.5pt 0cm;"><span style="font-size: 11.5pt; font-family: 'Tahoma',sans-serif; color: #4f4f4f;">Époque : 1782-1790</span></p>
<p style="vertical-align: baseline; margin: 0cm 0cm 7.5pt 0cm;"><span style="font-size: 11.5pt; font-family: 'Tahoma',sans-serif; color: #4f4f4f;">Longueur : 12 cm</span></p>
<p style="vertical-align: baseline; margin: 0cm 0cm 7.5pt 0cm;"><span style="font-size: 11.5pt; font-family: 'Tahoma',sans-serif; color: #4f4f4f;">Poids : 53 g</span></p>
<p style="vertical-align: baseline; margin: 0cm 0cm 7.5pt 0cm;"><span style="font-size: 11.5pt; font-family: 'Tahoma',sans-serif; color: #4f4f4f;">État de conservation : bon, rayures visibles sur photo</span></p>

<p>Un étui à cacheter pour cire en argent, réalisé à Strasbourg au XVIIIe siècle</p>
